114 and 174914.
38
Calculate the greatest common factor of 132264 and 176.
88
What is the highest common factor of 720 and 35530?
10
What is the greatest common factor of 1052 and 2224?
4
Calculate the greatest common factor of 13731 and 4416.
69
Calculate the greatest common divisor of 524038 and 590.
118
Calculate the highest common factor of 1920562 and 14.
14
Calculate the highest common divisor of 46 and 775652.
46
What is the highest common divisor of 8152 and 494215?
1019
What is the highest common factor of 21091 and 7?
7
Calculate the greatest common divisor of 1976 and 14288.
152
What is the highest common divisor of 292 and 58181?
73
Calculate the highest common factor of 14624 and 88.
8
What is the highest common divisor of 3519 and 6273?
153
Calculate the greatest common divisor of 161572 and 155.
31
What is the highest common divisor of 186 and 15004?
62
What is the greatest common divisor of 42 and 2343?
3
Calculate the highest common factor of 18 and 7640658.
18
Calculate the greatest common factor of 680 and 905420.
340
What is the greatest common factor of 88 and 32659?
11
Calculate the highest common factor of 4095 and 560.
35
Calculate the greatest common factor of 2314 and 4082.
26
What is the greatest common divisor of 20 and 28750?
10
Calculate the greatest common divisor of 4488 and 23892.
132
Calculate the highest common divisor of 3159 and 26.
13
Calculate the highest common factor of 256 and 131360.
32
Calculate the greatest common factor of 495 and 5555.
55
Calculate the greatest common factor of 1580 and 1480.
20
What is the greatest common factor of 76 and 673930?
38
What is the highest common divisor of 7612 and 4972?
44
Calculate the highest common factor of 50 and 16221650.
50
Calculate the greatest common factor of 736 and 70840.
184
Calculate the highest common factor of 1120 and 31712.
32
Calculate the highest common factor of 259 and 23520.
7
What is the highest common divisor of 56286 and 747?
9
Calculate the greatest common divisor of 14573 and 14079.
247
What is the greatest common factor of 138522 and 6?
6
What is the highest common factor of 36080 and 11440?
880
What is the greatest common factor of 8 and 118046?
2
Calculate the greatest common factor of 3562 and 18358.
274
Calculate the highest common factor of 15 and 1482555.
15
What is the greatest common factor of 75088 and 12350?
494
What is the highest common divisor of 1344 and 201312?
96
Calculate the greatest common factor of 54875 and 375.
125
What is the greatest common divisor of 50 and 4805450?
50
What is the highest common factor of 27674 and 1781?
137
Calculate the greatest common divisor of 2905 and 84.
7
What is the highest common divisor of 46404 and 72?
36
What is the highest common factor of 8 and 24822?
2
Calculate the greatest common divisor of 565432 and 161.
161
Calculate the highest common divisor of 673905 and 10.
5
Calculate the greatest common factor of 1754 and 86.
2
Calculate the highest common divisor of 532 and 73815.
133
What is the highest common factor of 1438 and 1099351?
719
What is the highest common divisor of 886625 and 875?
125
Calculate the greatest common factor of 344 and 25241.
43
Calculate the greatest common divisor of 59535 and 60.
15
Calculate the greatest common factor of 30775 and 50.
25
What is the highest common divisor of 46702 and 17366?
38
Calculate the highest common divisor of 346245 and 375.
15
Calculate the highest common divisor of 88 and 217096.
88
Calculate the highest common factor of 70 and 149590.
70
What is the highest common divisor of 642 and 83674?
214
What is the highest common divisor of 7282 and 3168?
22
Calculate the highest common factor of 26355 and 665903.
1757
Calculate the highest common divisor of 520 and 141700.
260
What is the greatest common divisor of 187254 and 72?
18
Calculate the highest common factor of 1638 and 8064693.
819
What is the greatest common divisor of 15904 and 160?
32
What is the highest common divisor of 480 and 722760?
120
Calculate the greatest common factor of 1025362 and 6282.
698
Calculate the greatest common factor of 6720 and 43000.
40
Calculate the highest common divisor of 1641 and 741.
3
Calculate the greatest common divisor of 2904 and 33000.
264
Calculate the highest common factor of 8016 and 6009328.
2672
Calculate the highest common divisor of 2905 and 132800.
415
What is the greatest common factor of 95810 and 143?
143
What is the highest common factor of 2823 and 365108?
941
What is the highest common factor of 2000 and 216?
8
Calculate the greatest common divisor of 3312330 and 420.
210
What is the highest common factor of 3 and 57633?
3
Calculate the highest common divisor of 8 and 1018.
2
What is the highest common factor of 115 and 91747?
23
Calculate the highest common divisor of 247 and 2492838.
19
What is the greatest common factor of 672 and 260358?
42
What is the highest common divisor of 1198 and 38?
2
What is the greatest common divisor of 850 and 9554?
34
Calculate the highest common divisor of 3 and 64497.
3
Calculate the greatest common factor of 1755 and 4888.
13
What is the greatest common divisor of 239261 and 55?
11
What is the greatest common divisor of 104 and 7553?
13
Calculate the greatest common factor of 1510 and 49226.
302
Calculate the highest common divisor of 1162875 and 4375.
875
Calculate the highest common factor of 583933 and 20825.
833
What is the greatest common divisor of 1271226 and 66?
66
What is the highest common factor of 1180 and 7600?
20
Calculate the highest common divisor of 11739 and 819.
273
What is the highest common divisor of 4584 and 86523?
573
What is the greatest common factor of 33 and 9031?
11
What is the highest common divisor of 464 and 1216?
16
Calculate the greatest common divisor of 54 and 105354.
54
Calculate the highest common divisor of 1541321 and 29.
29
Calculate the highest common factor of 2960 and 25345.
185
Calculate the greatest common divisor of 272 and 15351.
17
Calculate the greatest common factor of 540 and 136460.
20
What is the highest common divisor of 7667 and 82?
41
What is the greatest common divisor of 28644 and 590612?
1364
Calculate the greatest common divisor of 1350 and 4995.
135
Calculate the highest common divisor of 12 and 281196.
12
What is the highest common factor of 668386 and 11098?
358
Calculate the highest common divisor of 2825 and 120571.
113
Calculate the highest common factor of 189664 and 32.
32
What is the highest common factor of 1352 and 7928?
8
What is the highest common divisor of 196 and 24364?
4
What is the highest common factor of 225 and 60575?
25
Calculate the highest common factor of 1183 and 3367.
91
What is the greatest common factor of 15968 and 2048?
32
Calculate the greatest common factor of 18 and 22656.
6
Calculate the highest common divisor of 5486 and 844.
422
Calculate the highest common divisor of 3782 and 1922.
62
Calculate the greatest common divisor of 4 and 205442.
2
Calculate the highest common factor of 342524 and 156.
52
What is the highest common divisor of 26 and 533?
13
What is the greatest common divisor of 245 and 11155?
5
Calculate the highest common divisor of 1341494 and 28.
14
What is the greatest common divisor of 754 and 289913?
377
What is the highest common divisor of 4527 and 1044?
9
Calculate the greatest common factor of 69805 and 230.
115
What is the highest common factor of 24 and 1936344?
24
Calculate the greatest common factor of 16666 and 182.
26
What is the highest common divisor of 1125 and 165?
15
What is the greatest common factor of 1872364 and 4?
4
What is the greatest common factor of 760982 and 1062?
118
What is the greatest common factor of 80797 and 129?
43
Calculate the greatest common divisor of 39895 and 158.
79
Calculate the greatest common divisor of 170 and 13150.
10
What is the greatest common divisor of 4689 and 72?
9
Calculate the greatest common divisor of 54 and 458784.
54
What is the highest common factor of 349 and 1471733?
349
What is the greatest common divisor of 170000 and 144?
16
Calculate the highest common divisor of 13 and 110669.
13
Calculate the greatest common factor of 16647 and 93.
93
What is the highest common divisor of 308 and 221298?
154
What is 